= 3*s + 59, -3*o + 202 = s - 5*s. List the prime factors of o.
2, 37
What are the prime factors of (-17)/4*-2*4?
2, 17
Let f(r) = -r**3 + 8*r**2 + r - 4. Suppose -m - 17 = a, 3*a + 0*a + 31 = 2*m. Let t = a - -21. What are the prime factors of f(t)?
2
Let z(c) = c**3 + c**2 - c - 5. Let x(k) = k**2 - k - 1. Let u(t) = -4*x(t) + z(t). Suppose -3 - 6 = -3*a. What are the prime factors of u(a)?
2
Suppose -231 = -4*f + 69. List the prime factors of f.
3, 5
Let g = -5 + 5. Suppose -y - y = g. Suppose -c + 0 + 3 = y. List the prime factors of c.
3
Let y(t) be the second derivative of -t**4/12 + 5*t**3/6 + 3*t**2/2 + t. What are the prime factors of y(3)?
3
Let b = 5 + -1. Suppose -2*o + o = -b*r - 20, -r - 16 = -3*o. Suppose 0 = -0*g + o*g - 56. List the prime factors of g.
2, 7
Let b(h) = -h**2 - 10*h + 9. Let d be b(-9). Suppose -46 + d = -2*u. List the prime factors of u.
2, 7
Let r(y) = y**3 + 6*y**2 - 5*y + 9. Let c be r(-7). Let t be 2 + c/((-5)/(-2)). Suppose t = -3*a + 31 - 4. List the prime factors of a.
3
Suppose k - 4*k + 24 = 0. Let f = -13 + k. Let d(t) = t**2 + 2*t - 4. What are the prime factors of d(f)?
11
Let j(d) = -d**2 + 6*d - 9. Let m(u) = 3 - 1 - 1. Let s(x) = j(x) + 6*m(x). List the prime factors of s(5).
2
Suppose -626 - 346 = -4*h. List the prime factors of h.
3
List the prime factors of 0 + 4 - (-29 + -1).
2, 17
Suppose -38*s - 255 = -39*s. What are the prime factors of s?
3, 5, 17
Suppose -5*b - 14 = -2*c - 0, -4*c + 44 = -2*b. Suppose 4*f = p - 17 - 1, 2*f - 2*p + c = 0. List the prime factors of f/(1 + -3) + 6.
2
Let j(r) = -r**2 - 11*r - 8. Let k be j(-8). List the prime factors of -2 + 2 - k/(-1).
2
Suppose -3*y + 50 + 35 = 5*m, -5*y + 2*m = -90. Let j be 1/(-4) + 5/y. Suppose j = q - 5*q + 44. What are the prime factors of q?
11
Let f(l) = -l**2 + 6*l + 19. Let k be f(8). Suppose -k*q - 2*q + 100 = 0. What are the prime factors of q?
2, 5
Let n = -6 - -5. List the prime factors of (-4)/n*(-17)/(-4).
17
Suppose -4*s - 18 = -6. List the prime factors of ((-114)/9)/2*s.
19
Suppose -2*z + 704 - 202 = 0. What are the prime factors of z?
251
Let m = 269 + 154. List the prime factors of m.
3, 47
Suppose 4*r = -2*d + 120, -78 + 0 = -d + 4*r. What are the prime factors of d?
2, 3, 11
Suppose -8*j = -4*j - 8. Suppose j*p - 6 = -p. What are the prime factors of p?
2
Let d be 4/(-6) + (-1211)/(-21). Suppose 0 = 3*y - d - 36. List the prime factors of y.
31
Suppose 3*y - 200 = -2*y - 5*m, -76 = -2*y + 2*m. List the prime factors of y.
3, 13
What are the prime factors of 3072/18 + (-4)/(-3)?
2, 43
Let h(f) = f**3 + 8*f**2 - 10*f + 8. Let i(v) = -2*v + 5. Let k(r) = r**2 - 8*r - 2. Let u be k(9). Let b be i(u). What are the prime factors of h(b)?
17
Suppose -2*n + n = -2*t, 0 = -t + 3*n. Suppose 5*p + 2*m - 48 = t, -4*p + 4*m + 43 = m. List the prime factors of p.
2, 5
Let x = -2 - 0. Let m = 3 + x. Let z = m - -10. What are the prime factors of z?
11
Let g(h) = -5*h + 1. Let f(z) = 14*z - 4. Let t(a) = 3*f(a) + 10*g(a). What are the prime factors of t(-3)?
2, 11
Let h(m) = 5*m + 1 - 6 - 3*m. List the prime factors of h(4).
3
Suppose 4*j + 24 + 56 = 0. Let u = -12 - j. Let h(i) = i. List the prime factors of h(u).
2
Suppose 0 = -l - 3*l - 688. What are the prime factors of 3/(-9) - l/12?
2, 7
Suppose 0 = 2*m + m - 135. List the prime factors of m.
3, 5
Suppose 28 = 5*d + 3, 0 = -4*c - d + 433. What are the prime factors of c?
107
Suppose 0 = -4*f - 0*f. Suppose -4*b + s + 20 = f, 2*b + 3 - 13 = -3*s. List the prime factors of b.
5
Suppose 342 = 4*u - 206. What are the prime factors of u?
137
Let r = 5 - 2. Let p = r - 1. Suppose -p*w = -w - 11. What are the prime factors of w?
11
Let w(l) = 5*l**2 + 5*l - 6. Let p(d) = -6*d**2 - 6*d + 7. Let m(g) = -6*p(g) - 7*w(g). What are the prime factors of m(2)?
2, 3
Let u be (-35)/(-14) + (-1)/2. Suppose 4*z + 32 = 4*y - 0*y, -2*z + u = 4*y. List the prime factors of y.
3
Suppose 0 = -p + 5*m - 21, -2*m + 10 = -0. Suppose 3*o + 2*i + 2*i + 2 = 0, 5*i + 49 = p*o. Suppose -2*r + 4 = -o. List the prime factors of r.
5
Let r = -94 - -136. What are the prime factors of r?
2, 3, 7
Let y(m) = 6*m. Let l(i) = 2 - 3 + 2 + 7*i - 2. Let q(a) = 3*l(a) - 4*y(a). What are the prime factors of q(-8)?
3, 7
Suppose 0 = -0*a - 3*a. Suppose a = 3*f + 3*x - 45, x + 63 = 4*f + 4*x. Let o = -6 + f. What are the prime factors of o?
2, 3
Suppose 3 = -4*z - 5. Let a = z + 5. Suppose 0 = 3*r - 15 + a. List the prime factors of r.
2
Suppose 0*t + t = -3*a + 104, -3*t = 3. What are the prime factors of a?
5, 7
Suppose s - j = 24 + 8, -2*j = -10. What are the prime factors of s?
37
Let t(v) = -v**2 + 11*v - 7. Let j = 20 + -10. Let w be t(j). Let u = 6 - w. List the prime factors of u.
3
Suppose r + 1 = 2*r. Let l be 3 + r*0/3. Let a(b) = b**2 - b. List the prime factors of a(l).
2, 3
Let z(t) be the third derivative of t**4/24 + 8*t**3/3 - t**2. What are the prime factors of z(-12)?
2
Let p = 9 + -5. Suppose -5*t = p*z - 38, -6*z + 22 = -2*z - 3*t. List the prime factors of 20/z*(-35)/(-10).
2, 5
Suppose 3*r - 10 + 1 = 0. Let l be r*-1 - (1 + 5). What are the prime factors of (-1)/3 + (-111)/l?
2, 3
Suppose h - 3*a - 126 = 0, 5*a - 411 = -4*h + 25. What are the prime factors of h?
2, 3, 19
Let c = 5 - 2. Suppose -j = 4*n - 12, -j + c*j + 3 = n. List the prime factors of n.
3
Suppose -8*o = -511 + 23. List the prime factors of o.
61
Suppose -19 = -4*d + 1. Suppose 0 + 20 = d*n. What are the prime factors of n?
2
List the prime factors of ((-145)/(-10))/(3/18).
3, 29
Suppose 3 = 12*t - 11*t. Let j = 8 + -6. List the prime factors of (t/((-3)/(-10)))/j.
5
Let y(k) = -k**3 + 12*k**2 - 5*k + 4. Let s(n) = -3*n**3 + 35*n**2 - 14*n + 12. Let b(w) = -4*s(w) + 11*y(w). List the prime factors of b(8).
2
Let t(i) = i**2 - i. Let z be t(1). Let v(d) = -d - 1. Let p be v(-6). Suppose x + 3 = 3*w, -p*w + x + 5 + 2 = z. What are the prime factors of w?
2
Let r(v) = v**3 - 10*v**2 + 6*v + 4. What are the prime factors of r(10)?
2
Let z(g) = 2*g**2 + 2*g - g - g**3 - 4*g - 10 + 6*g**2. List the prime factors of z(7).
2, 3
List the prime factors of (-40)/(-15)*(2 - 35/(-2)).
2, 13
Let d = 1 - 34. What are the prime factors of (-4)/(-22) - 687/d?
3, 7
Let w(o) = -13*o + 58. What are the prime factors of w(-10)?
2, 47
Suppose 3*n + 0*n = 12. Let c = 14 - 8. Suppose k = -n*m + 47, -8 = -m - k + c. List the prime factors of m.
11
Let x(m) = -m**2 + 12*m - 9. Let t be x(11). List the prime factors of (t - -1)*52/12.
13
What are the prime factors of -3 - (-241 - (8 + -5))?
241
Let r(v) = -v**3 + 7*v**2 - 7*v - 1. Suppose -2*m + 17 = 3*l + 2, -4*l + 5*m = -20. What are the prime factors of r(l)?
2, 7
Let i = 18 - 16. Suppose -3*o + 31 = -i*o. What are the prime factors of o?
31
Let h be 0 + 30/(3 + -1). Let u be 0/1 - (-6)/(-1). Let j = u + h. List the prime factors of j.
3
Let m(w) = w**2 - 1 + 0 - 2*w**2 + w + 9*w**3. Let z be -2*(-3)/2 - 2. What are the prime factors of m(z)?
2
Let s(m) = m**2 + 3*m - 8. What are the prime factors of s(-7)?
2, 5
Suppose -3*d = -4*i - 11, -6*d = 4*i - 3*d - 19. Let z be (i - 19)*(-77)/21. List the prime factors of (6/(-4))/((-9)/z).
11
Let y(r) = r - 2. Let m be y(3). Suppose 5*o - 15 = u - m, 0 = -5*u - 4*o + 17. List the prime factors of 2 + -3 + u*3.
2
Let k(y) = y**3 - 12*y**2 + 9. Let b be k(12). Let l(m) = 2*m - 3. What are the prime factors of l(b)?
3, 5
Suppose 2*m + 4*y + 10 = 0, y + 13 = -0*m - 4*m. Let x = -4 - -10. Let b = x + m. List the prime factors of b.
3
Suppose -2*d - j = 5, 2*d = -d + j - 15. Let q = d + -4. Let r(k) = -k + 1. What are the prime factors of r(q)?
3
Suppose 10 = 5*k - 3*k. Let c = 12 - k. What are the prime factors of c?
7
Suppose 0 = 2*u - 4, -2 = -2*q + 4*u - 6. Suppose 18 = i + q*i. Let x = i + 4. List the prime factors of x.
2, 5
Let n be -2*9 - (-8)/4. Let f(p) = -p**2 - 5*p - 6. Let o be f(-5). Let w = o - n. List the prime factors of w.
2, 5
Let z = 409 + -197. What are the prime factors of z?
2, 53
Suppose 0 = -4*y - 16, 5*y + 2 - 4 = 2*p. Let h = p - -41. List the prime factors of h.
2, 3, 5
Let w(t) = -7*t - 2. Let q be w(-3). Suppose -2*v + 13 + q = 0. List the prime factors of v.
2
Let l be 6 + -3 + (0 - -2). Suppose 2 - l = -w. What are the prime factors of